 be 54/4 - (-7)/14. Let o(x) = x**2 - 11*x - 13. Let l be o(b). Calculate the highest common factor of l and 145.
29
Let t(w) = w**2 - 8*w - 112. Let p be t(-8). Calculate the highest common factor of 188 and p.
4
Let w(a) = -a**3 + 16*a**2 + 18*a + 7. Let q be w(17). Suppose -336 = -7*m - 0*m. What is the greatest common factor of q and m?
24
Suppose -5*y - 4 + 29 = -3*z, 0 = -2*y - 8. Let p = 2 - z. Let u(s) = s**2 + 5*s + 10. Let v be u(-8). Calculate the highest common divisor of v and p.
17
Let f(o) be the third derivative of 13*o**4/24 - 5*o**3 - 8*o**2. Let p be f(5). What is the greatest common divisor of p and 315?
35
Let m = 5 + -4. Let h(p) = p**2 - 11*p + 22. Let i be h(9). What is the highest common factor of i and m?
1
Let b = -45 + 120. Suppose -4*i - i = -b. What is the highest common factor of i and 5?
5
Let y = -31 - -51. Suppose -5*i + 2*m + 15 = 0, -9*m + 5*m - 19 = i. Let z be -18 + 15 + i*183. Calculate the highest common divisor of z and y.
20
Let l be (-6)/5*25/(-10). Suppose 3*h = -l*f - 45, 0 = -3*f + 2*h + 2*h - 38. Let m = 31 + f. Calculate the greatest common divisor of m and 17.
17
Suppose 8 = 5*j - 117. Let l = j + -22. Suppose -220 = -l*o + 332. Calculate the highest common factor of 23 and o.
23
Suppose 0*t + 18 = 2*t. Let j(m) = -1 - 5*m - 3*m + 44*m**2 + 6*m. Let x be j(-1). What is the greatest common divisor of t and x?
9
Let v be 1*(1 + 18)/1. Suppose 2694 - 2658 = 12*m. Let o = v - m. Calculate the highest common divisor of o and 8.
8
Let s(i) = 4*i**2 - 2*i + 3. Let h be s(-4). Suppose k - h = 3*g + 4*k, 5*k + 105 = -4*g. Let f = g - -28. What is the highest common factor of 24 and f?
8
Let x(b) = 16 - 7 - 13 - b. Let i be x(-6). What is the highest common factor of i and 3?
1
Let r = 19 - 25. Let x be ((-28)/r)/(2/3). What is the highest common divisor of x and 14?
7
Let t(l) = 2*l**2 - 5*l - 5. Let p be t(5). Suppose -21 = -5*n - 1. Suppose -40 = -8*c + n*c. What is the greatest common factor of p and c?
10
Suppose 4*g - 5*v - 436 = 0, 3*g - 2*v = 4*g - 96. Let r(w) = 8*w - 27. Let m be r(5). What is the greatest common factor of g and m?
13
Suppose -261*i = -243*i - 504. What is the highest common divisor of i and 644?
28
Let b = 303 + -231. Calculate the highest common divisor of 90 and b.
18
Suppose -5*o + 3*h - 101 = 2*h, 4*o = -3*h - 96. Let f be (-12)/o - 260/14. Let q = f + 27. What is the greatest common divisor of 3 and q?
3
Suppose 4*g = 2*g - 12. Let a be ((-9)/g)/((-1)/(-102)). What is the greatest common divisor of a and 17?
17
Let d = 396 + -340. What is the highest common factor of d and 532?
28
Let q be 1284/54 + (-4)/(-18). Let p = 104 - q. Let w(c) = 2*c + 10. Let i be w(0). Calculate the highest common factor of i and p.
10
Let d(h) = h**2 + 8*h + 19. Suppose 2*c = 6*c + 12. Let t be d(c). Calculate the highest common divisor of 44 and t.
4
Let d(x) = x**3 - 6*x**2 + 4*x - 6. Let l be d(6). Let v be (2 - 31/2)/(l/(-96)). What is the highest common factor of 16 and v?
8
Let m be 51*(22/143 - (-40)/78). What is the highest common factor of m and 748?
34
Let x = 7 - -11. Let s = 191 + -101. Calculate the greatest common divisor of s and x.
18
Suppose -2*y - 1039 = -3*a, -4*y + 5*y + 4*a + 492 = 0. Let k = -472 + 444. Let t be (-4)/14 + y/k. What is the greatest common factor of 9 and t?
9
Let r(f) = 42 + 2*f**2 + 28 - 12*f - 54. Let h be r(7). Let p = 204 - 129. What is the highest common factor of p and h?
15
Let v(p) = 8*p**2 - 2*p + 1. Let y be v(1). Let s = 65 - 59. Suppose y = r - s. Calculate the greatest common factor of r and 13.
13
Suppose 15*d = 13*d. Let n(k) = d*k**3 - 12*k**2 + 0*k**3 - k**3 + 1 + 3. Let q be n(-12). What is the highest common divisor of q and 10?
2
Suppose 0*r + 2*r = -18. Let u be ((-33)/r)/(3/108). Let k(v) = -v**3 - v**2 + 3*v + 3. Let x be k(-3). What is the highest common divisor of x and u?
12
Let z(s) = -s**3 - 9*s**2 - 16*s - 8. Let i be z(-7). Let n(l) = -l**2 + 5*l + 7. Let u be n(i). What is the greatest common divisor of u and 8?
1
Suppose -20 = -2*u - 6 + 24. Let b be (-8)/(-12)*(-321)/(-2). Suppose -3*z + 64 = -b. Calculate the greatest common factor of z and u.
19
Suppose -2*y + 149 = 5. Suppose 34 = 5*k + 2*c, -18 = -3*k - c + 3. What is the highest common factor of k and y?
8
Suppose -5*r - 35 = -45. What is the highest common divisor of 22 and r?
2
Let d be 146/10 + (-10)/(-25). Let i be ((-9)/(-15))/(1/5). Suppose -i*l + 2*l - 3*t + 16 = 0, -2*t = -l + 6. Calculate the highest common divisor of d and l.
5
Let x be (-3)/(-4) + 16 + (-10490)/(-40). What is the highest common divisor of x and 31?
31
Suppose -m - 3 = -2*m. Suppose 2*x + m = -11. Let j be (6/x)/(6/(-210)). What is the highest common divisor of j and 45?
15
Let x be -2 - (-7 - -4) - -4. Suppose x*t = -j + 51, -3*j + 3*t = -0*j - 207. Suppose r - j + 15 = 0. Calculate the highest common divisor of r and 34.
17
Let i(b) = 5*b**2. Let a(u) = u**3 - 5*u**2 - 10*u + 8. Let x be a(6). Let g = 14 + x. Let c be i(g). What is the greatest common factor of 4 and c?
4
Let u be (-11)/(-3)*3 + 6 + -8. What is the greatest common factor of 333 and u?
9
Let w be 0 + -5 + 3 + 1 + 4. Suppose 0 = w*o + 4*o - 231. What is the greatest common divisor of o and 66?
33
Let g(n) = n**2 + 2. Suppose -3 = q, 4*t - 11 = -4*q + q. Let l be g(t). Calculate the greatest common factor of l and 18.
9
Let z be 1899/36 + 2/8. Suppose -79 = -v + z. What is the highest common factor of 12 and v?
12
Suppose -3*j - 7 + 49 = 0. Let a(f) = f**2 - 3*f + 4. Let p(l) = -l - 13. Let i be p(-4). Let g be a(i). Calculate the highest common factor of g and j.
14
Let g = 30 - 28. Let w be ((-80)/6)/((-3)/18). Suppose g*h = 6*h - w. What is the greatest common divisor of 60 and h?
20
Suppose 7*f = -2*k + 3*f + 90, 3*k + f = 110. Suppose -16*w = -11*w - k. Let n = w - 6. Calculate the greatest common divisor of 4 and n.
1
Let n(t) be the first derivative of 9*t**2/2 - 45*t + 24. Let k be n(11). What is the greatest common factor of k and 27?
27
Let r(w) = -w**2 - 9*w + 5. Let b be r(-8). Suppose -38 = -4*t - 0*o + 2*o, 5*o = t + b. Suppose m + 24 = 3*m. What is the greatest common divisor of m and t?
12
Suppose 0*u + 42 = -7*u. Let w = 11 + u. Let h = -3 + w. Calculate the greatest common factor of 18 and h.
2
Let i = -1343 - -1563. Calculate the highest common divisor of i and 120.
20
Let u(x) be the third derivative of x**5/30 - x**4/8 - x**3/6 - 21*x**2. Let z be u(-2). What is the highest common divisor of z and 13?
13
Let i be (2 + (-64)/(-40))/(2/10). Calculate the greatest common factor of i and 558.
18
Suppose -5*f = -3*q - 5, 5*f + 1 = 5*q - 4. Let b be (6/f)/(3/30). Calculate the highest common divisor of 60 and b.
15
Let b(y) = 113*y**2 + 3*y - 4. Let j be b(1). Calculate the highest common factor of j and 14.
14
Let a be -3 + 2 + 5 + -7. Let t be 15 - a - (2 + 0). What is the greatest common divisor of 352 and t?
16
Let r be (-1 - 295/15)*-3. Let o = r + -44. Calculate the greatest common factor of 198 and o.
18
Suppose 4 + 3 = z. Suppose 10*s - 11*s = -z. Calculate the greatest common factor of s and 91.
7
Let w be ((-2)/(-3))/(2/6). Suppose 3*z + 5*c = 2*z - w, -4*z + 17 = -5*c. Let i be 4*3/36*z. Calculate the greatest common factor of i and 7.
1
Suppose 595 = 5*r - 106*m + 108*m, m = -2*r + 237. Calculate the greatest common divisor of r and 33.
11
Let j be (-240)/(-12) - (0 - (-4)/1). Calculate the highest common divisor of j and 88.
8
Suppose m - 11*d + 12*d - 7 = 0, 0 = 3*d - 12. What is the highest common factor of 9 and m?
3
Suppose 2*p - 8 = -0*s + 4*s, -4*p + s + 16 = 0. Suppose 2*b + 6*w = 2*w + 40, -p*b = -w - 107. Let k = -8 + b. What is the greatest common factor of 198 and k?
18
Let z = -12 + 12. Let v be (7 - z)*(11 + -9). Calculate the greatest common factor of 112 and v.
14
Suppose -4*q - 2*v = -8, -3*v + v - 7 = -q. Let n be (324/21)/(q/14). Suppose -3*i = -0*i - n. Calculate the highest common divisor of i and 16.
8
Let o(z) = 6*z + 1. Let n be o(-2). Let p = n - -13. Suppose 0 = 4*j + 3 - 19. Calculate the highest common divisor of j and p.
2
Let c(d) = 0*d**2 - 4 - 5 + 6 - d**2 + 2*d**3 + 2*d. Let j be c(3). What is the greatest common factor of j and 12?
12
Suppose 27 = -5*x - 43. Let 